{"id":2089,"date":"2021-05-21T15:12:11","date_gmt":"2021-05-21T13:12:11","guid":{"rendered":"https:\/\/latelierduballon.fr\/?page_id=2089"},"modified":"2021-05-27T15:48:24","modified_gmt":"2021-05-27T13:48:24","slug":"bulles-damour","status":"publish","type":"page","link":"https:\/\/latelierduballon.fr\/?page_id=2089","title":{"rendered":"Bulles d&rsquo;amour"},"content":{"rendered":"\t\t<div data-elementor-type=\"wp-page\" data-elementor-id=\"2089\" class=\"elementor elementor-2089\">\n\t\t\t\t\t\t\t\t\t<section class=\"elementor-section elementor-top-section elementor-element elementor-element-9f9ce76 elementor-section-boxed elementor-section-height-default elementor-section-height-default\" data-id=\"9f9ce76\" data-element_type=\"section\">\n\t\t\t\t\t\t<div class=\"elementor-container elementor-column-gap-default\">\n\t\t\t\t\t<div class=\"elementor-column elementor-col-100 elementor-top-column elementor-element elementor-element-7b4fe6e\" data-id=\"7b4fe6e\" data-element_type=\"column\">\n\t\t\t<div class=\"elementor-widget-wrap elementor-element-populated\">\n\t\t\t\t\t\t\t\t<div class=\"elementor-element elementor-element-b631f8a elementor-widget elementor-widget-heading\" data-id=\"b631f8a\" data-element_type=\"widget\" data-widget_type=\"heading.default\">\n\t\t\t\t<div class=\"elementor-widget-container\">\n\t\t\t<h2 class=\"elementor-heading-title elementor-size-xxl\">Bulles d'amour <\/h2>\t\t<\/div>\n\t\t\t\t<\/div>\n\t\t\t\t\t<\/div>\n\t\t<\/div>\n\t\t\t\t\t\t\t<\/div>\n\t\t<\/section>\n\t\t\t\t<section class=\"elementor-section elementor-top-section elementor-element elementor-element-dfae41e elementor-section-boxed elementor-section-height-default elementor-section-height-default\" data-id=\"dfae41e\" data-element_type=\"section\">\n\t\t\t\t\t\t<div class=\"elementor-container elementor-column-gap-default\">\n\t\t\t\t\t<div class=\"elementor-column elementor-col-100 elementor-top-column elementor-element elementor-element-6a4aed3\" data-id=\"6a4aed3\" data-element_type=\"column\">\n\t\t\t<div class=\"elementor-widget-wrap elementor-element-populated\">\n\t\t\t\t\t\t\t\t<div class=\"elementor-element elementor-element-ce848af elementor-widget elementor-widget-heading\" data-id=\"ce848af\" data-element_type=\"widget\" data-widget_type=\"heading.default\">\n\t\t\t\t<div class=\"elementor-widget-container\">\n\t\t\t<h2 class=\"elementor-heading-title elementor-size-default\">Offrez un cadeau original et personnalis\u00e9 <br><br>A partir de 25,90\u20ac<\/h2>\t\t<\/div>\n\t\t\t\t<\/div>\n\t\t\t\t\t<\/div>\n\t\t<\/div>\n\t\t\t\t\t\t\t<\/div>\n\t\t<\/section>\n\t\t\t\t<section class=\"elementor-section elementor-top-section elementor-element elementor-element-ac4d5a7 elementor-section-boxed elementor-section-height-default elementor-section-height-default\" data-id=\"ac4d5a7\" data-element_type=\"section\">\n\t\t\t\t\t\t<div class=\"elementor-container elementor-column-gap-default\">\n\t\t\t\t\t<div class=\"elementor-column elementor-col-100 elementor-top-column elementor-element elementor-element-5907605\" data-id=\"5907605\" data-element_type=\"column\">\n\t\t\t<div class=\"elementor-widget-wrap elementor-element-populated\">\n\t\t\t\t\t\t\t\t<div class=\"elementor-element elementor-element-199e31d gallery-spacing-custom elementor-widget elementor-widget-image-gallery\" data-id=\"199e31d\" data-element_type=\"widget\" data-widget_type=\"image-gallery.default\">\n\t\t\t\t<div class=\"elementor-widget-container\">\n\t\t\t\t\t<div class=\"elementor-image-gallery\">\n\t\t\t<div id='gallery-1' class='gallery galleryid-2089 gallery-columns-3 gallery-size-large'><figure class='gallery-item'>\n\t\t\t<div class='gallery-icon portrait'>\n\t\t\t\t<a data-elementor-open-lightbox=\"yes\" data-elementor-lightbox-slideshow=\"199e31d\" data-elementor-lightbox-title=\"20210202_164728\" e-action-hash=\"#elementor-action%3Aaction%3Dlightbox%26settings%3DeyJpZCI6MjA5NSwidXJsIjoiaHR0cHM6XC9cL2xhdGVsaWVyZHViYWxsb24uZnJcL3dwLWNvbnRlbnRcL3VwbG9hZHNcLzIwMjFcLzA1XC8yMDIxMDIwMl8xNjQ3MjguanBnIiwic2xpZGVzaG93IjoiMTk5ZTMxZCJ9\" href='https:\/\/latelierduballon.fr\/wp-content\/uploads\/2021\/05\/20210202_164728.jpg'><img loading=\"lazy\" decoding=\"async\" width=\"525\" height=\"700\" src=\"https:\/\/latelierduballon.fr\/wp-content\/uploads\/2021\/05\/20210202_164728.jpg\" class=\"attachment-large size-large\" alt=\"\" srcset=\"https:\/\/latelierduballon.fr\/wp-content\/uploads\/2021\/05\/20210202_164728.jpg 625w, https:\/\/latelierduballon.fr\/wp-content\/uploads\/2021\/05\/20210202_164728-350x466.jpg 350w, https:\/\/latelierduballon.fr\/wp-content\/uploads\/2021\/05\/20210202_164728-225x300.jpg 225w, https:\/\/latelierduballon.fr\/wp-content\/uploads\/2021\/05\/20210202_164728-500x666.jpg 500w\" sizes=\"auto, 100vw\" \/><\/a>\n\t\t\t<\/div><\/figure><figure class='gallery-item'>\n\t\t\t<div class='gallery-icon portrait'>\n\t\t\t\t<a data-elementor-open-lightbox=\"yes\" data-elementor-lightbox-slideshow=\"199e31d\" data-elementor-lightbox-title=\"20210119_180408\" e-action-hash=\"#elementor-action%3Aaction%3Dlightbox%26settings%3DeyJpZCI6MjA5NywidXJsIjoiaHR0cHM6XC9cL2xhdGVsaWVyZHViYWxsb24uZnJcL3dwLWNvbnRlbnRcL3VwbG9hZHNcLzIwMjFcLzA1XC8yMDIxMDExOV8xODA0MDgtMS5qcGciLCJzbGlkZXNob3ciOiIxOTllMzFkIn0%3D\" href='https:\/\/latelierduballon.fr\/wp-content\/uploads\/2021\/05\/20210119_180408-1.jpg'><img loading=\"lazy\" decoding=\"async\" width=\"525\" height=\"700\" src=\"https:\/\/latelierduballon.fr\/wp-content\/uploads\/2021\/05\/20210119_180408-1.jpg\" class=\"attachment-large size-large\" alt=\"\" srcset=\"https:\/\/latelierduballon.fr\/wp-content\/uploads\/2021\/05\/20210119_180408-1.jpg 625w, https:\/\/latelierduballon.fr\/wp-content\/uploads\/2021\/05\/20210119_180408-1-350x466.jpg 350w, https:\/\/latelierduballon.fr\/wp-content\/uploads\/2021\/05\/20210119_180408-1-225x300.jpg 225w, https:\/\/latelierduballon.fr\/wp-content\/uploads\/2021\/05\/20210119_180408-1-500x666.jpg 500w\" sizes=\"auto, 100vw\" \/><\/a>\n\t\t\t<\/div><\/figure><figure class='gallery-item'>\n\t\t\t<div class='gallery-icon portrait'>\n\t\t\t\t<a data-elementor-open-lightbox=\"yes\" data-elementor-lightbox-slideshow=\"199e31d\" data-elementor-lightbox-title=\"20210123_195156\" e-action-hash=\"#elementor-action%3Aaction%3Dlightbox%26settings%3DeyJpZCI6MjA5NCwidXJsIjoiaHR0cHM6XC9cL2xhdGVsaWVyZHViYWxsb24uZnJcL3dwLWNvbnRlbnRcL3VwbG9hZHNcLzIwMjFcLzA1XC8yMDIxMDEyM18xOTUxNTYuanBnIiwic2xpZGVzaG93IjoiMTk5ZTMxZCJ9\" href='https:\/\/latelierduballon.fr\/wp-content\/uploads\/2021\/05\/20210123_195156.jpg'><img loading=\"lazy\" decoding=\"async\" width=\"525\" height=\"700\" src=\"https:\/\/latelierduballon.fr\/wp-content\/uploads\/2021\/05\/20210123_195156.jpg\" class=\"attachment-large size-large\" alt=\"\" srcset=\"https:\/\/latelierduballon.fr\/wp-content\/uploads\/2021\/05\/20210123_195156.jpg 625w, https:\/\/latelierduballon.fr\/wp-content\/uploads\/2021\/05\/20210123_195156-350x466.jpg 350w, https:\/\/latelierduballon.fr\/wp-content\/uploads\/2021\/05\/20210123_195156-225x300.jpg 225w, https:\/\/latelierduballon.fr\/wp-content\/uploads\/2021\/05\/20210123_195156-500x666.jpg 500w\" sizes=\"auto, 100vw\" \/><\/a>\n\t\t\t<\/div><\/figure>\n\t\t<\/div>\n\t\t<\/div>\n\t\t\t\t<\/div>\n\t\t\t\t<\/div>\n\t\t\t\t\t<\/div>\n\t\t<\/div>\n\t\t\t\t\t\t\t<\/div>\n\t\t<\/section>\n\t\t\t\t<section class=\"elementor-section elementor-top-section elementor-element elementor-element-de28e3a elementor-section-boxed elementor-section-height-default elementor-section-height-default\" data-id=\"de28e3a\" data-element_type=\"section\">\n\t\t\t\t\t\t<div class=\"elementor-container elementor-column-gap-default\">\n\t\t\t\t\t<div class=\"elementor-column elementor-col-33 elementor-top-column elementor-element elementor-element-15317f4\" data-id=\"15317f4\" data-element_type=\"column\">\n\t\t\t<div class=\"elementor-widget-wrap elementor-element-populated\">\n\t\t\t\t\t\t\t\t<div class=\"elementor-element elementor-element-8d61104 elementor-aspect-ratio-916 elementor-widget elementor-widget-video\" data-id=\"8d61104\" data-element_type=\"widget\" data-settings=\"{&quot;video_type&quot;:&quot;hosted&quot;,&quot;autoplay&quot;:&quot;yes&quot;,&quot;play_on_mobile&quot;:&quot;yes&quot;,&quot;loop&quot;:&quot;yes&quot;,&quot;aspect_ratio&quot;:&quot;916&quot;,&quot;controls&quot;:&quot;yes&quot;}\" data-widget_type=\"video.default\">\n\t\t\t\t<div class=\"elementor-widget-container\">\n\t\t\t\t\t<div class=\"e-hosted-video elementor-wrapper elementor-fit-aspect-ratio elementor-open-inline\">\n\t\t\t\t\t<video class=\"elementor-video\" src=\"http:\/\/latelierduballon.fr\/wp-content\/uploads\/2021\/05\/20210123_193301_1.mp4\" autoplay=\"\" loop=\"\" controls=\"\" playsinline=\"\" controlsList=\"nodownload\"><\/video>\n\t\t\t\t<\/div>\n\t\t\t\t<\/div>\n\t\t\t\t<\/div>\n\t\t\t\t\t<\/div>\n\t\t<\/div>\n\t\t\t\t<div class=\"elementor-column elementor-col-66 elementor-top-column elementor-element elementor-element-bed72ee\" data-id=\"bed72ee\" data-element_type=\"column\">\n\t\t\t<div class=\"elementor-widget-wrap elementor-element-populated\">\n\t\t\t\t\t\t\t\t<div class=\"elementor-element elementor-element-dceb9a8 elementor-arrows-position-inside elementor-pagination-position-outside elementor-widget elementor-widget-image-carousel\" data-id=\"dceb9a8\" data-element_type=\"widget\" data-settings=\"{&quot;slides_to_show&quot;:&quot;2&quot;,&quot;autoplay_speed&quot;:1500,&quot;navigation&quot;:&quot;both&quot;,&quot;autoplay&quot;:&quot;yes&quot;,&quot;pause_on_hover&quot;:&quot;yes&quot;,&quot;pause_on_interaction&quot;:&quot;yes&quot;,&quot;infinite&quot;:&quot;yes&quot;,&quot;speed&quot;:500}\" data-widget_type=\"image-carousel.default\">\n\t\t\t\t<div class=\"elementor-widget-container\">\n\t\t\t\t\t<div class=\"elementor-image-carousel-wrapper swiper-container\" dir=\"ltr\">\n\t\t\t<div class=\"elementor-image-carousel swiper-wrapper\">\n\t\t\t\t\t\t\t\t<div class=\"swiper-slide\"><figure class=\"swiper-slide-inner\"><img decoding=\"async\" class=\"swiper-slide-image\" src=\"https:\/\/latelierduballon.fr\/wp-content\/uploads\/2021\/05\/20210226_152015.jpg\" alt=\"20210226_152015\" \/><\/figure><\/div><div class=\"swiper-slide\"><figure class=\"swiper-slide-inner\"><img decoding=\"async\" class=\"swiper-slide-image\" src=\"https:\/\/latelierduballon.fr\/wp-content\/uploads\/2021\/05\/20210401_113708.jpg\" alt=\"20210401_113708\" \/><\/figure><\/div><div class=\"swiper-slide\"><figure class=\"swiper-slide-inner\"><img decoding=\"async\" class=\"swiper-slide-image\" src=\"https:\/\/latelierduballon.fr\/wp-content\/uploads\/2021\/05\/20210121_162955.jpg\" alt=\"20210121_162955\" \/><\/figure><\/div>\t\t\t<\/div>\n\t\t\t\t\t\t\t\t\t\t\t\t<div class=\"swiper-pagination\"><\/div>\n\t\t\t\t\t\t\t\t\t\t\t\t\t<div class=\"elementor-swiper-button elementor-swiper-button-prev\">\n\t\t\t\t\t\t<i aria-hidden=\"true\" class=\"eicon-chevron-left\"><\/i>\t\t\t\t\t\t<span class=\"elementor-screen-only\">Pr\u00e9c\u00e9dent<\/span>\n\t\t\t\t\t<\/div>\n\t\t\t\t\t<div class=\"elementor-swiper-button elementor-swiper-button-next\">\n\t\t\t\t\t\t<i aria-hidden=\"true\" class=\"eicon-chevron-right\"><\/i>\t\t\t\t\t\t<span class=\"elementor-screen-only\">Suivant<\/span>\n\t\t\t\t\t<\/div>\n\t\t\t\t\t\t\t\t\t<\/div>\n\t\t\t\t<\/div>\n\t\t\t\t<\/div>\n\t\t\t\t<div class=\"elementor-element elementor-element-04e1ed3 elementor-widget elementor-widget-image\" data-id=\"04e1ed3\" data-element_type=\"widget\" data-widget_type=\"image.default\">\n\t\t\t\t<div class=\"elementor-widget-container\">\n\t\t\t\t\t\t\t\t\t\t\t\t\t\t\t<img decoding=\"async\" src=\"https:\/\/latelierduballon.fr\/wp-content\/uploads\/2021\/05\/20210517_102639.jpg\" title=\"20210517_102639\" alt=\"20210517_102639\" \/>\t\t\t\t\t\t\t\t\t\t\t\t\t\t\t<\/div>\n\t\t\t\t<\/div>\n\t\t\t\t\t<\/div>\n\t\t<\/div>\n\t\t\t\t\t\t\t<\/div>\n\t\t<\/section>\n\t\t\t\t<section class=\"elementor-section elementor-top-section elementor-element elementor-element-054c006 elementor-section-boxed elementor-section-height-default elementor-section-height-default\" data-id=\"054c006\" data-element_type=\"section\">\n\t\t\t\t\t\t<div class=\"elementor-container elementor-column-gap-default\">\n\t\t\t\t\t<div class=\"elementor-column elementor-col-50 elementor-top-column elementor-element elementor-element-ab31dcc\" data-id=\"ab31dcc\" data-element_type=\"column\">\n\t\t\t<div class=\"elementor-widget-wrap elementor-element-populated\">\n\t\t\t\t\t\t\t\t<div class=\"elementor-element elementor-element-03ac04c elementor-widget elementor-widget-image\" data-id=\"03ac04c\" data-element_type=\"widget\" data-widget_type=\"image.default\">\n\t\t\t\t<div class=\"elementor-widget-container\">\n\t\t\t\t\t\t\t\t\t\t\t\t\t\t\t<img decoding=\"async\" src=\"https:\/\/latelierduballon.fr\/wp-content\/uploads\/2021\/05\/IMG_20210424_093615_243.jpg\" title=\"IMG_20210424_093615_243\" alt=\"IMG_20210424_093615_243\" \/>\t\t\t\t\t\t\t\t\t\t\t\t\t\t\t<\/div>\n\t\t\t\t<\/div>\n\t\t\t\t\t<\/div>\n\t\t<\/div>\n\t\t\t\t<div class=\"elementor-column elementor-col-50 elementor-top-column elementor-element elementor-element-374e7b3\" data-id=\"374e7b3\" data-element_type=\"column\">\n\t\t\t<div class=\"elementor-widget-wrap elementor-element-populated\">\n\t\t\t\t\t\t\t\t<div class=\"elementor-element elementor-element-88d4870 elementor-arrows-position-inside elementor-pagination-position-outside elementor-widget elementor-widget-image-carousel\" data-id=\"88d4870\" data-element_type=\"widget\" data-settings=\"{&quot;slides_to_show&quot;:&quot;2&quot;,&quot;autoplay_speed&quot;:1500,&quot;navigation&quot;:&quot;both&quot;,&quot;autoplay&quot;:&quot;yes&quot;,&quot;pause_on_hover&quot;:&quot;yes&quot;,&quot;pause_on_interaction&quot;:&quot;yes&quot;,&quot;infinite&quot;:&quot;yes&quot;,&quot;speed&quot;:500}\" data-widget_type=\"image-carousel.default\">\n\t\t\t\t<div class=\"elementor-widget-container\">\n\t\t\t\t\t<div class=\"elementor-image-carousel-wrapper swiper-container\" dir=\"ltr\">\n\t\t\t<div class=\"elementor-image-carousel swiper-wrapper\">\n\t\t\t\t\t\t\t\t<div class=\"swiper-slide\"><figure class=\"swiper-slide-inner\"><img decoding=\"async\" class=\"swiper-slide-image\" src=\"https:\/\/latelierduballon.fr\/wp-content\/uploads\/2021\/05\/20210507_174240.jpg\" alt=\"20210507_174240\" \/><\/figure><\/div><div class=\"swiper-slide\"><figure class=\"swiper-slide-inner\"><img decoding=\"async\" class=\"swiper-slide-image\" src=\"https:\/\/latelierduballon.fr\/wp-content\/uploads\/2021\/05\/IMG_20210307_165319_755.jpg\" alt=\"IMG_20210307_165319_755\" \/><\/figure><\/div><div class=\"swiper-slide\"><figure class=\"swiper-slide-inner\"><img decoding=\"async\" class=\"swiper-slide-image\" src=\"https:\/\/latelierduballon.fr\/wp-content\/uploads\/2021\/05\/20210213_153718.jpg\" alt=\"20210213_153718\" \/><\/figure><\/div><div class=\"swiper-slide\"><figure class=\"swiper-slide-inner\"><img decoding=\"async\" class=\"swiper-slide-image\" src=\"https:\/\/latelierduballon.fr\/wp-content\/uploads\/2021\/05\/20210214_121820.jpg\" alt=\"20210214_121820\" \/><\/figure><\/div>\t\t\t<\/div>\n\t\t\t\t\t\t\t\t\t\t\t\t<div class=\"swiper-pagination\"><\/div>\n\t\t\t\t\t\t\t\t\t\t\t\t\t<div class=\"elementor-swiper-button elementor-swiper-button-prev\">\n\t\t\t\t\t\t<i aria-hidden=\"true\" class=\"eicon-chevron-left\"><\/i>\t\t\t\t\t\t<span class=\"elementor-screen-only\">Pr\u00e9c\u00e9dent<\/span>\n\t\t\t\t\t<\/div>\n\t\t\t\t\t<div class=\"elementor-swiper-button elementor-swiper-button-next\">\n\t\t\t\t\t\t<i aria-hidden=\"true\" class=\"eicon-chevron-right\"><\/i>\t\t\t\t\t\t<span class=\"elementor-screen-only\">Suivant<\/span>\n\t\t\t\t\t<\/div>\n\t\t\t\t\t\t\t\t\t<\/div>\n\t\t\t\t<\/div>\n\t\t\t\t<\/div>\n\t\t\t\t\t<\/div>\n\t\t<\/div>\n\t\t\t\t\t\t\t<\/div>\n\t\t<\/section>\n\t\t\t\t<section class=\"elementor-section elementor-top-section elementor-element elementor-element-aaf537d elementor-section-boxed elementor-section-height-default elementor-section-height-default\" data-id=\"aaf537d\" data-element_type=\"section\">\n\t\t\t\t\t\t<div class=\"elementor-container elementor-column-gap-default\">\n\t\t\t\t\t<div class=\"elementor-column elementor-col-100 elementor-top-column elementor-element elementor-element-a06b2c7\" data-id=\"a06b2c7\" data-element_type=\"column\">\n\t\t\t<div class=\"elementor-widget-wrap elementor-element-populated\">\n\t\t\t\t\t\t\t\t<div class=\"elementor-element elementor-element-c5f02df gallery-spacing-custom elementor-widget elementor-widget-image-gallery\" data-id=\"c5f02df\" data-element_type=\"widget\" data-widget_type=\"image-gallery.default\">\n\t\t\t\t<div class=\"elementor-widget-container\">\n\t\t\t\t\t<div class=\"elementor-image-gallery\">\n\t\t\t<div id='gallery-2' class='gallery galleryid-2089 gallery-columns-3 gallery-size-large'><figure class='gallery-item'>\n\t\t\t<div class='gallery-icon portrait'>\n\t\t\t\t<a data-elementor-open-lightbox=\"yes\" data-elementor-lightbox-slideshow=\"c5f02df\" data-elementor-lightbox-title=\"20210320_113411\" e-action-hash=\"#elementor-action%3Aaction%3Dlightbox%26settings%3DeyJpZCI6MjExMiwidXJsIjoiaHR0cHM6XC9cL2xhdGVsaWVyZHViYWxsb24uZnJcL3dwLWNvbnRlbnRcL3VwbG9hZHNcLzIwMjFcLzA1XC8yMDIxMDMyMF8xMTM0MTEuanBnIiwic2xpZGVzaG93IjoiYzVmMDJkZiJ9\" href='https:\/\/latelierduballon.fr\/wp-content\/uploads\/2021\/05\/20210320_113411.jpg'><img loading=\"lazy\" decoding=\"async\" width=\"525\" height=\"700\" src=\"https:\/\/latelierduballon.fr\/wp-content\/uploads\/2021\/05\/20210320_113411.jpg\" class=\"attachment-large size-large\" alt=\"\" srcset=\"https:\/\/latelierduballon.fr\/wp-content\/uploads\/2021\/05\/20210320_113411.jpg 625w, https:\/\/latelierduballon.fr\/wp-content\/uploads\/2021\/05\/20210320_113411-350x466.jpg 350w, https:\/\/latelierduballon.fr\/wp-content\/uploads\/2021\/05\/20210320_113411-225x300.jpg 225w, https:\/\/latelierduballon.fr\/wp-content\/uploads\/2021\/05\/20210320_113411-500x666.jpg 500w\" sizes=\"auto, 100vw\" \/><\/a>\n\t\t\t<\/div><\/figure><figure class='gallery-item'>\n\t\t\t<div class='gallery-icon landscape'>\n\t\t\t\t<a data-elementor-open-lightbox=\"yes\" data-elementor-lightbox-slideshow=\"c5f02df\" data-elementor-lightbox-title=\"IMG_20210213_183037_421\" e-action-hash=\"#elementor-action%3Aaction%3Dlightbox%26settings%3DeyJpZCI6MjExNCwidXJsIjoiaHR0cHM6XC9cL2xhdGVsaWVyZHViYWxsb24uZnJcL3dwLWNvbnRlbnRcL3VwbG9hZHNcLzIwMjFcLzA1XC9JTUdfMjAyMTAyMTNfMTgzMDM3XzQyMS5qcGciLCJzbGlkZXNob3ciOiJjNWYwMmRmIn0%3D\" href='https:\/\/latelierduballon.fr\/wp-content\/uploads\/2021\/05\/IMG_20210213_183037_421.jpg'><img loading=\"lazy\" decoding=\"async\" width=\"525\" height=\"525\" src=\"https:\/\/latelierduballon.fr\/wp-content\/uploads\/2021\/05\/IMG_20210213_183037_421.jpg\" class=\"attachment-large size-large\" alt=\"\" srcset=\"https:\/\/latelierduballon.fr\/wp-content\/uploads\/2021\/05\/IMG_20210213_183037_421.jpg 720w, https:\/\/latelierduballon.fr\/wp-content\/uploads\/2021\/05\/IMG_20210213_183037_421-250x250.jpg 250w, https:\/\/latelierduballon.fr\/wp-content\/uploads\/2021\/05\/IMG_20210213_183037_421-100x100.jpg 100w, https:\/\/latelierduballon.fr\/wp-content\/uploads\/2021\/05\/IMG_20210213_183037_421-350x350.jpg 350w, https:\/\/latelierduballon.fr\/wp-content\/uploads\/2021\/05\/IMG_20210213_183037_421-300x300.jpg 300w, https:\/\/latelierduballon.fr\/wp-content\/uploads\/2021\/05\/IMG_20210213_183037_421-150x150.jpg 150w, https:\/\/latelierduballon.fr\/wp-content\/uploads\/2021\/05\/IMG_20210213_183037_421-500x500.jpg 500w\" sizes=\"auto, 100vw\" \/><\/a>\n\t\t\t<\/div><\/figure><figure class='gallery-item'>\n\t\t\t<div class='gallery-icon landscape'>\n\t\t\t\t<a data-elementor-open-lightbox=\"yes\" data-elementor-lightbox-slideshow=\"c5f02df\" data-elementor-lightbox-title=\"IMG_20210213_185813_374\" e-action-hash=\"#elementor-action%3Aaction%3Dlightbox%26settings%3DeyJpZCI6MjExNSwidXJsIjoiaHR0cHM6XC9cL2xhdGVsaWVyZHViYWxsb24uZnJcL3dwLWNvbnRlbnRcL3VwbG9hZHNcLzIwMjFcLzA1XC9JTUdfMjAyMTAyMTNfMTg1ODEzXzM3NC5qcGciLCJzbGlkZXNob3ciOiJjNWYwMmRmIn0%3D\" href='https:\/\/latelierduballon.fr\/wp-content\/uploads\/2021\/05\/IMG_20210213_185813_374.jpg'><img loading=\"lazy\" decoding=\"async\" width=\"525\" height=\"525\" src=\"https:\/\/latelierduballon.fr\/wp-content\/uploads\/2021\/05\/IMG_20210213_185813_374.jpg\" class=\"attachment-large size-large\" alt=\"\" srcset=\"https:\/\/latelierduballon.fr\/wp-content\/uploads\/2021\/05\/IMG_20210213_185813_374.jpg 833w, https:\/\/latelierduballon.fr\/wp-content\/uploads\/2021\/05\/IMG_20210213_185813_374-250x250.jpg 250w, https:\/\/latelierduballon.fr\/wp-content\/uploads\/2021\/05\/IMG_20210213_185813_374-100x100.jpg 100w, https:\/\/latelierduballon.fr\/wp-content\/uploads\/2021\/05\/IMG_20210213_185813_374-350x350.jpg 350w, https:\/\/latelierduballon.fr\/wp-content\/uploads\/2021\/05\/IMG_20210213_185813_374-300x300.jpg 300w, https:\/\/latelierduballon.fr\/wp-content\/uploads\/2021\/05\/IMG_20210213_185813_374-150x150.jpg 150w, https:\/\/latelierduballon.fr\/wp-content\/uploads\/2021\/05\/IMG_20210213_185813_374-768x768.jpg 768w, https:\/\/latelierduballon.fr\/wp-content\/uploads\/2021\/05\/IMG_20210213_185813_374-500x500.jpg 500w\" sizes=\"auto, 100vw\" \/><\/a>\n\t\t\t<\/div><\/figure>\n\t\t<\/div>\n\t\t<\/div>\n\t\t\t\t<\/div>\n\t\t\t\t<\/div>\n\t\t\t\t\t<\/div>\n\t\t<\/div>\n\t\t\t\t\t\t\t<\/div>\n\t\t<\/section>\n\t\t\t\t<section class=\"elementor-section elementor-top-section elementor-element elementor-element-d067525 elementor-section-boxed elementor-section-height-default elementor-section-height-default\" data-id=\"d067525\" data-element_type=\"section\">\n\t\t\t\t\t\t<div class=\"elementor-container elementor-column-gap-default\">\n\t\t\t\t\t<div class=\"elementor-column elementor-col-100 elementor-top-column elementor-element elementor-element-dd12b4b\" data-id=\"dd12b4b\" data-element_type=\"column\">\n\t\t\t<div class=\"elementor-widget-wrap elementor-element-populated\">\n\t\t\t\t\t\t\t\t<div class=\"elementor-element elementor-element-293f084 elementor-align-center elementor-widget elementor-widget-button\" data-id=\"293f084\" data-element_type=\"widget\" data-widget_type=\"button.default\">\n\t\t\t\t<div class=\"elementor-widget-container\">\n\t\t\t\t\t<div class=\"elementor-button-wrapper\">\n\t\t\t<a href=\"https:\/\/latelierduballon.fr\/?page_id=2166\" rel=\"nofollow\" class=\"elementor-button-link elementor-button elementor-size-lg\" role=\"button\">\n\t\t\t\t\t\t<span class=\"elementor-button-content-wrapper\">\n\t\t\t\t\t\t<span class=\"elementor-button-text\">Demandez un devis <\/span>\n\t\t<\/span>\n\t\t\t\t\t<\/a>\n\t\t<\/div>\n\t\t\t\t<\/div>\n\t\t\t\t<\/div>\n\t\t\t\t\t<\/div>\n\t\t<\/div>\n\t\t\t\t\t\t\t<\/div>\n\t\t<\/section>\n\t\t\t\t\t\t\t<\/div>\n\t\t","protected":false},"excerpt":{"rendered":"<p>Bulles d&rsquo;amour Offrez un cadeau original et personnalis\u00e9 A partir de 25,90\u20ac http:\/\/latelierduballon.fr\/wp-content\/uploads\/2021\/05\/20210123_193301_1.mp4 Pr\u00e9c\u00e9dent Suivant Pr\u00e9c\u00e9dent Suivant Demandez un devis<\/p>\n","protected":false},"author":2,"featured_media":0,"parent":0,"menu_order":0,"comment_status":"closed","ping_status":"closed","template":"","meta":{"footnotes":""},"class_list":["post-2089","page","type-page","status-publish","hentry"],"_links":{"self":[{"href":"https:\/\/latelierduballon.fr\/index.php?rest_route=\/wp\/v2\/pages\/2089","targetHints":{"allow":["GET"]}}],"collection":[{"href":"https:\/\/latelierduballon.fr\/index.php?rest_route=\/wp\/v2\/pages"}],"about":[{"href":"https:\/\/latelierduballon.fr\/index.php?rest_route=\/wp\/v2\/types\/page"}],"author":[{"embeddable":true,"href":"https:\/\/latelierduballon.fr\/index.php?rest_route=\/wp\/v2\/users\/2"}],"replies":[{"embeddable":true,"href":"https:\/\/latelierduballon.fr\/index.php?rest_route=%2Fwp%2Fv2%2Fcomments&post=2089"}],"version-history":[{"count":43,"href":"https:\/\/latelierduballon.fr\/index.php?rest_route=\/wp\/v2\/pages\/2089\/revisions"}],"predecessor-version":[{"id":2172,"href":"https:\/\/latelierduballon.fr\/index.php?rest_route=\/wp\/v2\/pages\/2089\/revisions\/2172"}],"wp:attachment":[{"href":"https:\/\/latelierduballon.fr\/index.php?rest_route=%2Fwp%2Fv2%2Fmedia&parent=2089"}],"curies":[{"name":"wp","href":"https:\/\/api.w.org\/{rel}","templated":true}]}}